e
Is 30423541 a composite number?
True
Is 23541743 composite?
False
Is 2651449 prime?
False
Is 4934087 prime?
True
Is 2834233 prime?
True
Is 220294131 prime?
False
Is 623859 prime?
False
Is 2288861 a prime number?
True
Is 173423899 prime?
False
Is 4128013 a composite number?
False
Is 78832727 a prime number?
True
Is 10895167 a prime number?
False
Is 60011807 composite?
True
Is 12048683 a composite number?
False
Is 61718561 prime?
True
Is 19895941 a composite number?
True
Is 311892577 composite?
True
Is 27419545 a composite number?
True
Is 203479577 prime?
False
Is 914176271 composite?
False
Is 1003879 a composite number?
False
Is 19079347 a composite number?
True
Is 1692269 prime?
False
Is 1420711 prime?
False
Is 16925327 composite?
True
Is 34619 prime?
False
Is 18726809 a composite number?
True
Is 5327173 a prime number?
True
Is 121347781 composite?
False
Is 748341829 a composite number?
True
Is 4675897 a composite number?
False
Is 2484167 a composite number?
True
Is 2012053 composite?
True
Is 150785933 a prime number?
True
Is 36810587 prime?
False
Is 40575413 a prime number?
False
Is 689683 composite?
True
Is 1464074009 a composite number?
False
Is 3079751 prime?
True
Is 24605921 prime?
True
Is 253894409 a prime number?
True
Is 393642397 composite?
False
Is 35212459 a composite number?
True
Is 9213049 prime?
False
Is 24886601 a composite number?
False
Is 134287961 composite?
True
Is 39155873 a composite number?
False
Is 307542031 prime?
False
Is 4565003 prime?
True
Is 236300111 composite?
False
Is 528401 a composite number?
False
Is 90488267 composite?
False
Is 7324495 prime?
False
Is 275683 a composite number?
True
Is 3742201 prime?
True
Is 80648309 composite?
True
Is 1946609 prime?
False
Is 1169061 prime?
False
Is 1108021 a composite number?
False
Is 1836151 a composite number?
False
Is 59145089 prime?
True
Is 9470693 prime?
True
Is 51323621 a composite number?
True
Is 2619521 composite?
False
Is 548179111 a prime number?
True
Is 9904157 composite?
False
Is 1323698 composite?
True
Is 738445603 a prime number?
False
Is 15546971 a composite number?
True
Is 6005029 composite?
True
Is 748313 composite?
True
Is 367281949 a prime number?
False
Is 6911899 a composite number?
False
Is 159594193 a composite number?
True
Is 263613401 composite?
False
Is 16331933 composite?
True
Is 3873983 composite?
False
Is 49399919 a composite number?
True
Is 758267 a composite number?
False
Is 57539047 prime?
False
Is 208384651 a prime number?
True
Is 2637389 a prime number?
False
Is 27082639 a composite number?
False
Is 3707729 composite?
True
Is 23893091 composite?
True
Is 34169567 prime?
True
Is 307209799 composite?
True
Is 24638333 a composite number?
True
Is 16359943 composite?
True
Is 677819 a prime number?
False
Is 26127349 a composite number?
True
Is 1278193 a composite number?
True
Is 44283959 a composite number?
False
Is 5132891 a prime number?
False
Is 38557679 prime?
True
Is 8260771 composite?
False
Is 6093805 prime?
False
Is 479867 prime?
False
Is 957701 a prime number?
True
Is 157632223 composite?
True
Is 174384653 prime?
True
Is 17276807 a composite number?
True
Is 16431343 composite?
False
Is 13907681 a prime number?
True
Is 2780871 prime?
False
Is 7757513 composite?
False
Is 2541613 composite?
False
Is 87018377 a composite number?
False
Is 12452213 prime?
True
Is 36161899 prime?
True
Is 338742253 prime?
True
Is 23600749 a composite number?
True
Is 422579077 prime?
True
Is 3055151 composite?
True
Is 20622383 a prime number?
True
Is 11744273 composite?
False
Is 6620657 composite?
True
Is 224248559 composite?
True
Is 11808523 composite?
True
Is 7363039 a prime number?
True
Is 1042719261 prime?
False
Is 799075061 prime?
True
Is 6770831 a prime number?
False
Is 106867147 composite?
False
Is 146117617 a prime number?
False
Is 86369779 a composite number?
True
Is 16948298 a composite number?
True
Is 5700901 composite?
True
Is 303073699 composite?
False
Is 1377749 a composite number?
False
Is 3409687 composite?
False
Is 43995347 prime?
False
Is 42304487 prime?
False
Is 76907143 a prime number?
False
Is 8408861 a composite number?
True
Is 32522381 composite?
False
Is 35134763 prime?
True
Is 5776259 prime?
True
Is 111881857 a composite number?
False
Is 111183937 prime?
True
Is 3033457 prime?
False
Is 3209911 composite?
True
Is 58951313 a prime number?
True
Is 31185983 a composite number?
False
Is 14809643 a prime number?
True
Is 21011383 a composite number?
False
Is 1348411 composite?
True
Is 477399485 composite?
True
Is 715526489 prime?
False
Is 14217326 prime?
False
Is 3697021 prime?
False
Is 11924443 a composite number?
True
Is 6240029 a composite number?
True
Is 365827067 a composite number?
True
Is 18707501 prime?
True
Is 14288539 composite?
False
Is 33362291 a prime number?
True
Is 9213559 prime?
True
Is 16305563 a composite number?
True
Is 318951349 a composite number?
False
Is 3081599 a prime number?
True
Is 11555201 prime?
False
Is 30822121 composite?
True
Is 38737826 prime?
False
Is 119463739 a composite number?
True
Is 25668473 a composite number?
False
Is 1370171 composite?
True
Is 764783 a prime number?
True
Is 4645649 a prime number?
True
Is 57457979 composite?
True
Is 42381089 prime?
False
Is 1735757 prime?
False
Is 59991431 prime?
False
Is 10457233 composite?
True
Is 70267097 composite?
False
Is 61137889 prime?
True
Is 1544089 composite?
True
Is 16553449 a prime number?
False
Is 7509811 a composite number?
True
Is 8473397 composite?
True
Is 26237797 a prime number?
False
Is 5754113 composite?
False
Is 5408659 a prime number?
True
Is 23771534 a prime number?
False
Is 5380549 a composite number?
False
Is 9748301 a prime number?
False
Is 1972541 composite?
False
Is 18479819 prime?
True
Is 8704733 composite?
True
Is 551181227 a prime number?
True
Is 9143441 a prime number?
False
Is 137779 a prime number?
False
Is 14058389 a prime number?
True
Is 27459017 composite?
False
Is 5044079 composite?
True
Is 2504283 a prime number?
False
Is 1616427987 a prime number?
False
Is 257681131 a prime number?
True
Is 8531151 a composite number?
True
Is 5992603 prime?
True
Is 6785341 prime?
True
Is 590651 composite?
True
Is 3138341 prime?
False
Is 437784127 composite?
True
Is 608443 prime?
False
Is 112704317 a composite number?
True
Is 18662893 a prime number?
True
Is 310481 prime?
True
Is 14451779 prime?
True
Is 65795539 a composite number?
False
Is 122622571 prime?
False
Is 54163601 a prime number?
True
Is 16717661 a composite number?
False
Is 51004153 composite?
False
Is 31499537 composite?
False
Is 91257737 composite?
False
Is 208449249 composite?
True
Is 360520217 composite?
False
Is 33049631 a composite number?
False
Is 49363427 a prime number?
False
Is 2016377 a composite number?
True
Is 9123863 a prime number?
False
Is 4025786 a composite number?
True
Is 2733943 prime?
False
Is 2701903 prime?
True
Is 190934551 prime?
True
Is 1885523 a composite number?
False
Is 1605509 a composite number?
False
Is 37895369 a prime number?
True
Is 2371315 prime?
False
Is 7982861 prime?
False
Is 11361403 a prime number?
True
Is 45658101 a composite number?
True
Is 1754079 prime?
False
Is 915113 a prime number?
True
Is 25138247 a prime number?
True
Is 127073489 a prime number?
False
Is 3963211 a composite number?
True
Is 32633717 composite?
False
Is 394879 prime?
True
Is 10800418 a prime number?
False
Is 10755607 prime?
False
Is 2201273 composite?
False
Is 314663033 prime?
True
Is 3593399 a composite number?
False
Is 541102781 a composite number?
False
Is 926257 composite?
True
Is 16953569 a prime number?
True
Is 481672601 prime?
False
Is 18155843 a prime number?
True
Is 56630005 a composite number?
True
Is 471067837 a prime number?
True
Is 35425477 a composite number?
False
Is 6417617 a prime number?
False
Is 10627889 composite?
True
Is 59927467 prime?
True
Is 20510419 a prime number?
True
Is 709521 a prime number?
False
Is 465956137 a composite number?
True
Is 57063863 composite?
True
Is 19500961 prime?
False
Is 22139837 prime?
True
Is 555607313 composite?
False
Is 2474689 prime?
False
Is 3165103 a prime number?
False
Is 1390711 composite?
True
Is 7454201 composite?
False
Is 32121653 a composite number?
True
Is 2985487 a prime number?
False
Is 69466819 composite?
Fa